= 26 - 16. Let q(a) = -a**3 - 9*a**2 - 10*a - 12. Calculate the remainder when x is divided by q(-8).
2
Suppose 100 = 6*l + 4*l. Calculate the remainder when 117 is divided by l.
7
Let t(b) = b**3 + 8*b**2 + b + 17. What is the remainder when 26 is divided by t(-8)?
8
Let b(p) = p**2 - p - 3. Let d(w) = 5*w - 13. What is the remainder when d(6) is divided by b(-3)?
8
Suppose -2*s - 157 = -415. What is the remainder when s is divided by 13?
12
Let h = -4 + 6. Let m be (-15 + 3)*1/h. Calculate the remainder when 9/m*(-68)/3 is divided by 18.
16
What is the remainder when (-12)/(-21) - 4260/(-42) is divided by 35?
32
Suppose 5*u - 18 = -3*l, u + 5*l = -2*u + 14. Let b(i) = -3*i**3 + 2*i**3 - u*i**3 + i. Calculate the remainder when 8 is divided by b(-1).
2
Let q = -5 - -8. What is the remainder when q is divided by 2?
1
Let o = -105 - -113. What is the remainder when o is divided by 1?
0
Let w = -11 + 24. Suppose -u + 760 = 19*u. What is the remainder when u is divided by w?
12
Let r(m) = 4*m + 9. Let s = -6 - -13. Calculate the remainder when r(s) is divided by (-3 + 4)*(18 + 1).
18
Suppose p + 8 = 2*p. Suppose -50 = u - 6*u. Let g(h) = h**2 - 7*h - 8. What is the remainder when g(u) is divided by p?
6
Suppose -i = -2*m + 3*i + 40, i = -m + 14. What is the remainder when 28 is divided by m?
12
Suppose 8 = j - 10. Suppose 3*q - 77 = -5*c, -2*c = 6*q - q - 160. Calculate the remainder when q is divided by j.
16
Suppose 5*n = -4*h - 57, 3*h - 1 = 4*n + n. Let w be (h/3)/((-6)/9). Suppose w = -2*d + 16. What is the remainder when d is divided by 4?
2
Let z(q) = -q**2 - 11*q - 8. Calculate the remainder when 6 is divided by z(-10).
0
Let o = 38 - 104. Calculate the remainder when 31 is divided by (-6)/(-9)*o/(-4).
9
Let j be 5 + (3/(-1))/3. Suppose 25 = j*h + 5*z, 3 + 7 = h + 5*z. What is the remainder when h is divided by 4?
1
Let j(i) = i**3 - 2*i**2 - 5*i + 2. Calculate the remainder when 55 is divided by j(4).
13
Suppose 124 = 4*b + 28. Calculate the remainder when b is divided by 9.
6
Let y(o) = -o**3 - 21*o**2 + 20*o - 31. What is the remainder when 33 is divided by y(-22)?
7
Calculate the remainder when 44 is divided by (-36)/(-3) + 3/1.
14
Let l(r) = -2*r**2 - 18*r - 19. What is the remainder when 31 is divided by l(-6)?
14
Let l(u) = 3*u**2 - 2*u + 4. Let n(h) = -h + 4. What is the remainder when l(4) is divided by n(-11)?
14
Suppose 0 = -4*k + 32 - 0. Calculate the remainder when 31 is divided by k.
7
Let n(s) = 2*s**2 - s + 4. Let h = -149 - -158. Calculate the remainder when n(-3) is divided by h.
7
Let i be (6*(-4)/(-60))/(4/10). Let c = -5 - -1. Calculate the remainder when i/(-2) - 26/c is divided by 2.
0
Let l = 55 - 40. What is the remainder when 28 is divided by l?
13
Suppose 3*l - 18 = 9. Let h(y) = -y**3 + 14*y**2 - 21*y - 1. What is the remainder when h(12) is divided by l?
8
Let u(k) = k**3 - 5*k**2 - 9*k + 2. Let w be 6/8 + (-63)/(-12). Let o be u(w). Calculate the remainder when 43 is divided by 2 + o/(-1) - 3.
13
Suppose -3*l - l = -3*w - 6, -5*l + 5*w + 5 = 0. Suppose -17 = -l*a - c, -5*a - 3*c = c - 33. Let f = -16 + 28. Calculate the remainder when f is divided by a.
2
Suppose -5*q + 0*q + 5*u = -130, -3*q - 3*u + 72 = 0. Let s = 42 - q. What is the remainder when 33 is divided by s?
16
Suppose p + 4 = 24. Let d(u) = 32*u. Let g be d(1). Suppose -5*i = -23 - g. What is the remainder when p is divided by i?
9
Let t(x) = x**3 + 5*x - 3. Suppose -3*z + 6*z - 3*j = 27, 3*z = -j + 31. What is the remainder when t(3) is divided by z?
9
Let o(c) = -17*c + 11. Let v(z) = -16*z + 11. Let w(n) = 2*o(n) - 3*v(n). What is the remainder when w(6) is divided by 19?
16
Suppose 51 = 7*c - 12. What is the remainder when c is divided by 4?
1
Let y(j) = -2*j**3 - j**2 - j - 1. Let z be y(-1). Let i = -1 - -2. Let r = z + i. Calculate the remainder when 4 is divided by r.
0
Suppose -2*b - 15 + 1 = 0. What is the remainder when 4/1 - 14/b is divided by 3?
0
What is the remainder when (3 + 89)/1 - -2 is divided by 25?
19
Let i(g) = 2*g + 9. Calculate the remainder when i(-3) is divided by 1.
0
Let d = -193 - -328. Suppose -5*x - 2*z = -x - 90, -2*z - d = -5*x. Let b = 36 - x. Calculate the remainder when 31 is divided by b.
9
Let s(v) = -v**2 - 3*v. Let x be s(-3). Let y(a) = -a**2 + 15. Let k(q) = 5*q - 7. What is the remainder when k(10) is divided by y(x)?
13
Let q be 14/(-35) + (-122)/(-5). Suppose -72 + q = -2*a. What is the remainder when a is divided by -3 - 0/2 - -16?
11
Suppose 3*f - 4*j = 95, 6*f + 3*j - 85 = 2*f. What is the remainder when 73 is divided by f?
23
Suppose -4*f + 12 = -0*f. Suppose s = 2*d - f*s - 26, -3*s + 75 = 3*d. Suppose -2*z = -15 - d. What is the remainder when 52 is divided by z?
16
Let g = -126 + 176. What is the remainder when g is divided by 14?
8
Let h(y) = 4*y - 13. Calculate the remainder when h(6) is divided by 6.
5
Let u be (8/6)/((-2)/(-6)). Suppose -w + 3*w - 38 = -4*k, k + 5*w = -u. Calculate the remainder when 20 is divided by k.
9
Let n(b) be the first derivative of -b**2/2 - 8*b - 6. Calculate the remainder when 14 is divided by n(-12).
2
Let p = 5 + -3. Calculate the remainder when 7 is divided by p.
1
Let m be -2 - (0 + -1*7). Let l(u) = -u**2 + 6*u + 1. What is the remainder when 11 is divided by l(m)?
5
What is the remainder when 888/20 - 18/(-30) is divided by 23?
22
Let p(b) = -7*b + 2*b + 2*b + b. What is the remainder when 27 is divided by p(-7)?
13
Suppose 3*r + 2*i = 22, 2*i + 6 = 5*r - 4. Suppose -4*m + 2*o + 38 + 54 = 0, r*m = o + 90. Calculate the remainder when 43 is divided by m.
21
Let v(u) = -u**2 - 15*u + 13. Calculate the remainder when 76 is divided by v(-14).
22
Let m = 20 + -56. Calculate the remainder when 28 is divided by -3 - -1*m/(-2).
13
Let m be 218/4 - (-7)/14. Suppose 6*u = u + m. Calculate the remainder when 20 is divided by u.
9
Let q(u) = u**2 + 4*u + 3. Suppose 88 = h + 3*h. What is the remainder when h is divided by q(-5)?
6
Let r be ((-3)/(-2))/((-2)/(-12)). Suppose -5*k + r = -5*w - 1, 2*k - 4 = -w. Suppose 6*m - 2*m - 140 = w. Calculate the remainder when m is divided by 12.
11
Suppose 30*r - 10 = 35*r. Calculate the remainder when -4 - r*11/2 is divided by 6.
1
Let y = 17 - 2. Calculate the remainder when (-3)/6*0 + y is divided by 8.
7
Let v be 106*(2 + 3/(-2)). Suppose 2*i + v = 3*a - 4, 3*a = 3*i + 57. What is the remainder when 55 is divided by a?
17
Let c = -4 - -2. Let m = c + 4. Calculate the remainder when (16 - -4)/4*1 is divided by m.
1
Suppose 0*a = a - 15. Let j = -13 + a. Suppose 5*r + 1 = 6. Calculate the remainder when j is divided by r.
0
Suppose -13*l + 27*l = 476. Calculate the remainder when l is divided by 12.
10
Suppose -m + 0*m + 1 = 0. What is the remainder when 26 is divided by 2 - (-14 - (-3 + m))?
12
Let o = 8 + -5. Calculate the remainder when (6/(-5))/(15/(-100)) is divided by o.
2
Suppose 0 = 3*z + 2*z - 70. Let c = -2 + z. What is the remainder when 23 is divided by c?
11
Let j = -21 - -53. Calculate the remainder when j is divided by 11.
10
Suppose 4*z - 5*f = 2*z + 187, 0 = 5*f - 5. Suppose -q - 8 = 3*q, -2*p + q = -z. Calculate the remainder when p is divided by 16.
15
Calculate the remainder when 68 is divided by (-1)/3 - (-175)/21.
4
Let r(q) = -q**3 + 6*q**2 + 5. Let s be r(6). Suppose s*f - 133 = 4*t, -4*f = 4*t - 106 - 22. Calculate the remainder when f is divided by 15.
14
Let h be (-1)/(-1 + (-2)/(-4)). Suppose h*c = -c. Suppose 3*x - 3 = -c*x. What is the remainder when 2 is divided by x?
0
Let g(q) = 4*q**2 - q + 2. Let y = -81 - -203. Calculate the remainder when (1 - 2)/((-2)/y) is divided by g(2).
13
Let s(n) = -n - 1. Let g(c) = -4*c - 1. Let z be g(5). Let l = z - -31. Calculate the remainder when l is divided by s(-5).
2
Suppose -114 - 66 = 5*m. Calculate the remainder when 6/4*(-240)/m is divided by 6.
4
Calculate the remainder when 43 is divided by 2 - (0 - 6/3 - 18).
21
Let p(n) = 2*n**3 - n**3 - n**2 + 11 + 2*n**2. Calculate the remainder when p(0) is divided by 6.
5
Let r = 1 + 2. Let n(c) be the first derivative of c**3/3 + 3*c**2/2 + 2*c - 1. What is the remainder when 38 is divided by n(r)?
18
Let b be 1*(-13 + -1 - -2). Let p(i) = i**3 - 8*i**2 + 10*i - 6. What is the remainder when 2/(-8) + (-531)/